1201111102121 - -11?
1201111102202
In base 10, what is 22239 - -22?
22261
In base 11, what is 6 + 775a0?
775a6
In base 3, what is -100202120222 - -2?
-100202120220
In base 13, what is 0 + 50b75?
50b75
In base 3, what is 2002 - -200?
2202
In base 9, what is -232622 + -5?
-232627
In base 8, what is 11210 + 5?
11215
In base 5, what is 1124312 - -10?
1124322
In base 5, what is 121122 + -102?
121020
In base 11, what is -47388 - -2a?
-47359
In base 12, what is 3158 - -3?
315b
In base 4, what is 10 - 101122212?
-101122202
In base 3, what is 12221201 - 210?
12220221
In base 2, what is -1001000 + 101101110?
100100110
In base 12, what is 74b5 + 0?
74b5
In base 10, what is -4 - 320651?
-320655
In base 2, what is 100011001 - 11001011?
1001110
In base 9, what is -580 + -1477?
-2167
In base 9, what is 3870 - -4?
3874
In base 15, what is 5 + -2337?
-2332
In base 8, what is 23711 + -2?
23707
In base 12, what is 3 + 30b05?
30b08
In base 15, what is -1d - -109e3?
109c5
In base 8, what is -1 - -5466?
5465
In base 15, what is 0 + 80413?
80413
In base 12, what is -326 + 1a2?
-144
In base 9, what is -50 + 3372?
3322
In base 15, what is -1c5dc + -4?
-1c5e1
In base 2, what is -1001011 - -10010100101101?
10010011100010
In base 8, what is -2 + 4175?
4173
In base 13, what is -270 + -35?
-2a5
In base 14, what is -1d014 + -4?
-1d018
In base 11, what is 3 - 10518?
-10515
In base 5, what is -33140233 - 20?
-33140303
In base 10, what is -311 + -55?
-366
In base 11, what is 50 + -4728?
-4688
In base 11, what is -6 - -7a46?
7a40
In base 5, what is -21 - -11324?
11303
In base 10, what is -1753990 - 5?
-1753995
In base 8, what is 134625 - 5?
134620
In base 3, what is 10 - 20220112201?
-20220112121
In base 3, what is -2 + 1122011110122?
1122011110120
In base 5, what is 3 - 21221322?
-21221314
In base 3, what is 1102121 - 111?
1102010
In base 10, what is -282 - -4138?
3856
In base 9, what is 3 + 88703?
88706
In base 14, what is -9a2844 + -3?
-9a2847
In base 5, what is 222 + 20133?
20410
In base 12, what is -4 + 8370?
8368
In base 6, what is -4130033 + 13?
-4130020
In base 16, what is 3 - 178a?
-1787
In base 10, what is 317 + 131?
448
In base 4, what is 13 - 21230233?
-21230220
In base 2, what is -10010 + -11000011110000?
-11000100000010
In base 2, what is -110010011111 + -10111?
-110010110110
In base 3, what is -100 - -121210000?
121202200
In base 8, what is 1465 - -460?
2145
In base 2, what is -100000011001 - 10000?
-100000101001
In base 16, what is 2 + -561ae?
-561ac
In base 2, what is -100 + -1001000100000101100?
-1001000100000110000
In base 5, what is 0 + -313411423?
-313411423
In base 11, what is -1a4 - -124?
-80
In base 16, what is fc8 + -3a?
f8e
In base 2, what is 10111010011101 - 11?
10111010011010
In base 11, what is 24 - -6995?
6a09
In base 11, what is 199208 - -6?
199213
In base 16, what is -51 - 8e?
-df
In base 10, what is 14155 - -6?
14161
In base 4, what is 103311220 - -222?
103312102
In base 5, what is -22002023 + 1?
-22002022
In base 13, what is a0 + -626?
-556
In base 3, what is -110021121201202 - -10?
-110021121201122
In base 6, what is -35451140 - 1?
-35451141
In base 9, what is -13118 - 62?
-13181
In base 8, what is 530457 + 3?
530462
In base 6, what is -15 + -30225?
-30244
In base 11, what is -4 - 36688?
-36691
In base 4, what is 212111 + 2320?
221031
In base 11, what is -11347 - 18?
-11364
In base 13, what is 11bc + 72?
1261
In base 14, what is 22a - -4c?
278
In base 7, what is -2352 - 504?
-3156
In base 14, what is -1592 - -86?
-150a
In base 9, what is 58 + 1845?
2014
In base 16, what is 26e22 + 2?
26e24
In base 7, what is 26 - 5223?
-5164
In base 15, what is -12b15 + -1?
-12b16
In base 16, what is -7f9d + -c?
-7fa9
In base 11, what is 299a0 - -2?
299a2
In base 6, what is -1 - -321250?
321245
In base 16, what is 161d7e + 1?
161d7f
In base 13, what is -aa - a80?
-b5a
In base 2, what is 10100 + 10100101111101001?
10100101111111101
In base 3, what is 2112010111 - 2?
2112010102
In base 8, what is -3225357 - 4?
-3225363
In base 7, what is -1066313 + -5?
-1066321
In base 16, what is -3d77 - 121?
-3e98
In base 16, what is -dd - -2ac?
1cf
In base 2, what is 111010000110 + 100?
111010001010
In base 6, what is 20220450 - 1?
20220445
In base 6, what is 0 - 13211?
-13211
In base 7, what is -6 - -252543?
252534
In base 15, what is -11524 + 6?
-1151d
In base 11, what is 1020 - -4?
1024
In base 9, what is 1081 - 285?
685
In base 5, what is 22201130 - 0?
22201130
In base 5, what is 24121 + 213?
24334
In base 9, what is 300287 + -3?
300284
In base 2, what is -10 + 100010111100000110?
100010111100000100
In base 5, what is -114010302 - -3?
-114010244
In base 10, what is 6170717 - -3?
6170720
In base 7, what is 4062 + -5221?
-1126
In base 3, what is -122101212111 - 10?
-122101212121
In base 2, what is 1111101010100 - -100101?
1111101111001
In base 3, what is 2111120201 - -10221?
2111201122
In base 7, what is 13460 + -24?
13433
In base 10, what is 805 - -6?
811
In base 9, what is 3 - -10454?
10457
In base 16, what is -2f6 - 2?
-2f8
In base 12, what is 88267 - -5?
88270
In base 9, what is -1 + 13146?
13145
In base 6, what is -5 - -14420?
14411
In base 15, what is a - 4e7e?
-4e74
In base 10, what is -17720 + -6?
-17726
In base 7, what is 3 + -2620226?
-2620223
In base 7, what is 4412100 - 0?
4412100
In base 14, what is 22c9 - -282?
256b
In base 3, what is 1100111022 - 12?
1100111010
In base 6, what is 0 + 21034125?
21034125
In base 10, what is 3 - -322110?
322113
In base 9, what is 264 - 444?
-170
In base 11, what is -72 - a52?
-1014
In base 5, what is 1024 + -22?
1002
In base 11, what is 4 - 80459?
-80455
In base 13, what is -18c3b2 + -2?
-18c3b4
In base 8, what is -2 - 27770?
-27772
In base 10, what is -694 + -129?
-823
In base 4, what is -10122112 - -1?
-10122111
In base 5, what is -4043312 - -12?
-4043300
In base 6, what is 0 - -513125?
513125
In base 3, what is 1 - 121011120?
-121011112
In base 14, what is 18310 + 0?
18310
In base 9, what is 2 + 51125?
51127
In base 8, what is 15 - 3164?
-3147
In base 10, what is -23 + 49574?
49551
In base 8, what is 247575 - -3?
247600
In base 14, what is -7 + 22?
19
In base 5, what is 10 - -3142211?
3142221
In base 6, what is 54210 - -24?
54234
In base 13, what is -3310a - -5?
-33105
In base 13, what is 9 + -52c?
-523
In base 7, what is -1 + -11250302?
-11250303
In base 7, what is 15441266 + 1?
15441300
In base 8, what is -167117 + -4?
-167123
In base 12, what is -47 - -5a5?
55a
In base 13, what is b6 - -5?
bb
In base 6, what is -14310 + -11122?
-25432
In base 11, what is -253 - 14a?
-3a2
In base 4, what is -12020232 + -10?
-12020302
In base 9, what is -4 - -22587?
22583
In base 2, what is 1100010100110 + -1?
1100010100101
In base 13, what is -32 + 2768?
2736
In base 3, what is -1011021201 - 110?
-1011022011
In base 9, what is 6044 - -4?
6048
In base 11, what is -64 + a9?
45
In base 2, what is -111 - 1011110110001?
-1011110111000
In base 4, what is -1030101011 + -3?
-1030101020
In base 8, what is -67 - -101452?
101363
In base 10, what is 35200 - 12?
35188
In base 13, what is -8 - 136cc4?
-136ccc
In base 13, what is 2 - b850?
-b84b
In base 7, what is 22 - 53422?
-53400
In base 9, what is -3 - -25286?
25283
In base 4, what is -3012022 - -131?
-3011231
In base 13, what is -a26b - -3?
-a268
In base 5, what is -1 + 101222?
101221
In base 16, what is 1 + -12fd10?
-12fd0f
In base 8, what is -3051 + 424?
-2425
In base 4, what is -21012331 + 3?
-21012322
In base 10, what is -755 - -501?
-254
In base 3, what is 0 - 1211222021?
-1211222021
In base 9, what is -4 + -30740?
-30744
In base 16, what is -36 + 232?
1fc
In base 14, what is -3c - 907?
-945
In base 5, what is -1204243 - -20?
-1204223
In base 16, what is -11af + -1e?
-11cd
In base 7, what is -42 + -214245?
-214320
In base 10, what is 7 + 2268?
2275
In base 2, what is 1011 - 101101001100?
-101101000001
In base 8, what is -10415 - 372?
-11007
In base 9, what is 873257 + 2?
873260
In base 8, what is 3 + -55734?
-55731
In base 6, what is -52154405 - 0?
-52154405
In base 6, what is -131 - -1010?
435
In base 2, what is 110111100001010100 + -10?
110111100001010010
In base 12, what is -9a + -76b?
-849
In base 11, what is 4 - 11163?
-1115a
In base 13, what is -40982 + 6?
-40979
In base 15, what is 8